o) = o**3 + 6*o**2 + 2*o + 4. Let d be y(-6). Let a be 20/d + 5/10. Is 71 + (2 - 6 - a) a prime number?
False
Suppose -4*z = -14*z + 90. Suppose -11694 = z*d - 15*d. Is d prime?
True
Suppose -6*l + 8 = -40. Suppose 9*s + 140 = l*s. Is (-2)/8 + 5/(s/(-87171)) a prime number?
False
Let s be (-2 + 3 + 0)*17. Suppose s = 3*z + 14. Is (-1)/((z/(-371))/1) composite?
True
Let s(u) = -u**3 + 24*u**2 - 24*u + 47. Suppose 4*l - 78 = 2*g, 0 = -3*l - 3*g + 77 + 4. Is s(l) a composite number?
False
Suppose 3*d - 9 = 0, -h - 14 = -5*d + 2. Let o(q) = -540*q**3 - q**2 - 2*q. Is o(h) a composite number?
False
Suppose 5*g = -5*q + 20, -18 = -5*g + 6*q - 9*q. Suppose -2684 = -g*s + 1945. Is s a prime number?
True
Suppose 24*m = 17*m + 35315. Let n = 2301 + m. Is n a prime number?
False
Suppose -30590*t + 30582*t + 923272 = 0. Is t composite?
True
Is 112519 - (-6 - (-40)/5) composite?
True
Is (-24)/(-6) - 11 - 38*-883 a prime number?
True
Let c(k) = k**3 - 18*k**2 + 18*k - 14. Let g be 82/5 - 10/25. Let z be c(g). Let t = z - -441. Is t composite?
True
Let r = 47 + -54. Let x(f) = -3*f**3 - 4*f**2 - 14*f - 5. Is x(r) a prime number?
False
Let z = 63 + -65. Let c be (z - 6630/(-4)) + 6/4. Is -3 + -1 + c + (-1 - -5) composite?
False
Suppose -3*z + 1 = 4*g - 15, 2*g + 2 = z. Suppose h + 4392 = r, z*h + 8786 = -2*r + 4*r. Is r a composite number?
False
Let w = 15 - 11. Suppose -5 = -5*k + w*k, 5*l = -5*k + 9950. Is l a composite number?
True
Let i be (((-120)/(-25))/(-4))/((-2)/3070). Suppose -2*p + 4*p - 2*t - i = 0, -2*p - t + 1842 = 0. Is p a prime number?
False
Let k(t) = 974*t - 199. Let m(c) = 978*c - 200. Let r(g) = 5*k(g) - 4*m(g). Is r(20) a composite number?
True
Suppose 0 = -v - 2*m + 133701 - 38836, 5*v = 3*m + 474377. Is v prime?
True
Suppose -3*g + 315495 = 3*m, 0 = -3*m - 4*g - 14298 + 329791. Is m composite?
False
Suppose 130*b = -124*b + 262*b - 426136. Is b a composite number?
False
Let b be (-5 - -30026)/(3/4). Is (-4)/((-40044)/b + 1) a composite number?
False
Is 1/(-1)*((-4)/(-18) + (-1056226)/18) a prime number?
True
Is 76/(-798) + 144875/21 + 2/7 a composite number?
False
Suppose -9*u = -1691 + 1709. Let y = 574 - 1048. Is y/(-4)*((-12)/9 - u) composite?
False
Let x(o) = o - 3. Let a be x(6). Let c be (15/(-20) + (-15810)/8)*-1. Suppose -c = -4*j + 4*k + 2475, -a*k + 3363 = 3*j. Is j a composite number?
False
Let n = -1153 - -576. Let f = 96 - n. Is f prime?
True
Let g(l) be the second derivative of 2217*l**5/20 + l**4/3 - l**3/3 - l**2/2 - 2*l + 26. Is g(2) prime?
True
Let y = 89 - 92. Let i be (-1)/(2/(-4))*(y - -4). Suppose d - 1099 = -u, 5*u = -i*d + 4982 + 507. Is u a prime number?
True
Suppose -3*w + 67537 = 2*q, 2*w + 3*q + 8138 = 53166. Is w composite?
False
Let w be -3 - 0 - (-20)/2. Is (-1849)/4*(3 - w) prime?
False
Suppose -10*m = 11*m + 9513. Let r = 764 + m. Is r prime?
True
Suppose -f - 4 = -4*o, -5*o = -2*o + 2*f - 14. Suppose o*g = 6*g + 3*j - 7, 23 = -4*g + 3*j. Is (3/(9/(-2)))/(g/4629) a prime number?
True
Let c be (2/4)/(2*4/1440). Let r = 122 - 85. Let h = r + c. Is h prime?
True
Let d(m) = 144003*m**2 - 25*m - 29. Is d(-1) composite?
False
Let m be 2329/(1 + -2 + 0). Let l = m + 3986. Is l composite?
False
Suppose 0 = 22*g + g - 2620321. Is g prime?
False
Let h(d) = 5*d - 3*d - 21 - 3*d + 4*d. Let o be h(8). Suppose 5*f - 2014 = -2*i - i, -o*i + 5*f + 2024 = 0. Is i a composite number?
False
Suppose 2*o + 5*g = 113956, 23742 = o - g - 33215. Is o prime?
True
Let i = -19695 - -27816. Let l = i + 3848. Is l a composite number?
False
Suppose -7*m = -153 - 267. Let b = m - 63. Is 1407 - (2 + b - 3) composite?
True
Let o(x) = -x**3 - 6*x**2 - 6*x - 5. Let c be (4/(-6) + 3/9)*15. Let v be o(c). Suppose 2*w - 1034 = -v*w. Is w prime?
False
Let m be (5/((-200)/(-624)))/(3/5415). Suppose -3*k - 2631 = -m. Is k prime?
False
Suppose c - 109 - 8 = -r, r + 2*c - 112 = 0. Let s = -87 + r. Is s prime?
False
Let t be (2 + -2 - 5)*(4896/60)/17. Let m(v) be the first derivative of v**4/4 + 28*v**3/3 - 14*v**2 - 79*v - 2. Is m(t) composite?
False
Suppose -w - m + 16472 + 163233 = 0, -w - 2*m + 179697 = 0. Is w composite?
True
Suppose 5*s + 2605 = 4*b + 9372, 3*b = 3*s - 4062. Let u = s + -236. Is u a prime number?
False
Suppose -20*b - 112447 = 26633. Let r = -3361 - b. Is r a composite number?
False
Let l = 105 - 85. Suppose -i + 3*i - t - 5 = 0, 0 = 2*i + 4*t + l. Let d(o) = o**2 - 7*o + 1193. Is d(i) composite?
False
Let u(m) = -634*m - 65. Suppose 3*i + 3*r = -21, 2*i + 0*i + 14 = 3*r. Is u(i) a composite number?
False
Suppose 490*f - 478*f - 603560 = 532684. Is f a prime number?
True
Let w(f) = 6*f - 31. Let p be w(7). Let z be 1 - p/2 - (-1)/(-2). Is 2 - -1*(-814)/(z - -3) a composite number?
False
Suppose -5*f = -10*f - 5*w - 15, -2 = -2*w. Let a be (12/3 + f)/2. Suppose -7*n + 2359 = -a*n. Is n prime?
True
Let w = -221 - -263. Is -7087*(28/w + (-10)/6) prime?
False
Is ((-11)/1)/(1705/(-89149490)) a composite number?
True
Suppose -5*a = 5*x, 8*a - 4*x = 4*a + 24. Suppose 5*k - 4*k = -2*b + 4795, 14373 = a*k + 2*b. Is k prime?
True
Let k be 813/(-36)*-3 + 1/4. Suppose -58*d = -k*d + 23190. Is d composite?
True
Let y be 4/((-2)/(-8) - (-35)/(-84)). Let a be (-36)/y*391*2. Suppose 89*k + a = 92*k. Is k prime?
False
Suppose -15995 = -6*h + h. Is (h/3)/(3/(-54)*-6) a composite number?
True
Let z = 298 + -294. Suppose -8 = 2*r, -x - r - 1765 = -z*x. Is x composite?
False
Let r(q) = -2901*q - 2. Let g be (3/15 - 0)*-5. Is r(g) a prime number?
False
Suppose -118*s = -2271117 - 7697287. Is s prime?
False
Let z(i) = 907*i + 51. Let t be z(1). Is (46 - -1)/(2/t) a composite number?
True
Let u = 135 - 130. Suppose -8*f + 1161 = -u*f - 3*l, f - 385 = -l. Is f composite?
True
Suppose y - 83635 = -4*y + 5*o, 0 = -2*y - 4*o + 33442. Let s = y + -10674. Is s a prime number?
False
Is 113/(-565) - 1293716/(-5) a prime number?
True
Let i be (-1528)/(-4) + 0 + 0. Suppose 3*b - 5*t = 2288, b - i - 384 = t. Is b prime?
False
Let r be -57 + 5/(-10)*-2. Let a be -7*-2*(-12)/r. Let k(i) = 68*i + 7. Is k(a) prime?
True
Let o(r) = -r**2 - r - 369. Let f be o(0). Suppose -3*u - 4*p + 4336 = 2*u, -5*p = -u + 873. Let s = u + f. Is s a composite number?
False
Let q(u) = 260*u + 39. Let d be q(16). Suppose -3*x = -4*x - j + 1052, 0 = 4*x + j - d. Is x a composite number?
False
Is (-8)/(-72) + 6 + 50020/18 a composite number?
True
Let w = -417 + 427. Suppose 4*t = w*t - 5802. Is t prime?
True
Let k(o) = -9*o + 27. Let m be k(-6). Let t = m - -78. Is t composite?
True
Let y be -1 + 2 - (-5)/5. Let d(x) = 10*x**3 - 3*x**2 - 1. Let l be d(y). Let h = -30 + l. Is h a composite number?
False
Let p = -19 + 145. Suppose -117*n = -p*n + 13491. Is n prime?
True
Is (259079/213)/(1/3) prime?
False
Let u be -3*(-3)/(-27)*11157. Let k = 7360 + u. Is k a composite number?
True
Let r(l) = l**2 - 2*l. Let b(g) = -3*g**2 + 5*g - 1. Suppose 0 = -10*h + 9*h - 4. Let m(f) = h*b(f) - 11*r(f). Is m(21) prime?
True
Let o(k) be the first derivative of -8269*k**2/2 - 237*k + 211. Is o(-4) a prime number?
True
Suppose 57*a = 54*a - 3*j + 576246, -3*a + 576252 = -3*j. Is a prime?
False
Let l(k) = 606*k + 3. Let r be l(6). Suppose r = -p + 4*p. Is p a prime number?
True
Let w be (-3)/(-6)*(-20)/(4 + -6). Suppose -5*p - 2773 = -4*x, -2*p - w*x + 1669 = -5*p. Let r = p + 2136. Is r composite?
False
Let m be (-945)/(-42)*2/5. Suppose -m*d = 13*d - 39622. Is d prime?
True
Suppose -255338344 = -691*f + 44755355. Is f a prime number?
False
Let f(z) = 38793*z - 14. Is f(7) a composite number?
True
Suppose 0 = 5*d - 3*j + 901, 0*d - 3*d + 3*j = 537. Let l be ((-301)/14)/(1/d). Let b = -1410 + l. Is b composite?
False
Let x(j) = -j**3 - 2*j**2 - 3*j + 981. Let w be x(0). Let n = 8 - -84. Let b = w - n. Is b a prime number?
False
Let o = -4714 + 12032. Let w = 4465 + o. Is w a prime number?
True
Let s be -3 - (6/16 - (-107)/(-8)). Suppose b - 505 = -2*c, 7*c - s*c = -b - 765. Is c prime?
False
Let f = 7 + -6. Let g(n) be the second derivative of 29*n**3/2 + n**2 + 5*n. Is g(f) a prime number?
True
Suppose -8819 = -2*v + v + 10022. Is v prime?
False
Suppose 0 = -4*j + j + 15. Suppose -4*w = -j*w + 11541. Is w prime?
False
Suppose p - 11*n - 1905 = -10*n, -2*p - 4*n + 3822 = 0. Is p composite?
False
I